-107*n + 591. Suppose -g - 3*q + 205 = 0, n = 3*g - 21*q + 22*q. Calculate the highest common divisor of 4 and g.
4
Suppose 680*u = -44953 + 112953. Let n = -3 + 8. What is the highest common factor of u and n?
5
Let j = 415 - 239. Let p(f) = 145*f - 114. Let z(d) = 24*d - 19. Let q(h) = 6*p(h) - 34*z(h). Let x be q(1). Calculate the greatest common divisor of x and j.
16
Suppose 0 = -145*l - 107*l + 28728. Calculate the highest common divisor of l and 1653.
57
Suppose g = 3, -5*m - 2*g = -10 + 114. Suppose 196*b - 9*b = 0. Let r be (-2 - b)*165/m. What is the highest common factor of 10 and r?
5
Let w = 1176 - 1146. Calculate the greatest common factor of 930 and w.
30
Let r(z) be the first derivative of -13/2*z**2 - 9*z - 6 + 1/4*z**4 + 8/3*z**3. Let y be r(-9). What is the greatest common factor of 216 and y?
27
Let h be 15/(-4)*(122/(-6) + (39 - 32)). What is the greatest common factor of 4640 and h?
10
Let k be (-26666)/1675 - (-2)/(-25). Let c be k/6*3*77/(-14). Calculate the greatest common factor of c and 22.
22
Let j = 89 + -79. Let u be (-8)/2 - (-640)/j. What is the highest common factor of u and 12?
12
Let w = 17464 + -5556. What is the greatest common factor of w and 52?
52
Let p = -1442 + 1497. Calculate the greatest common factor of 1100 and p.
55
Suppose 5*b + m - 3 = 27, -4*m = 2*b + 6. Let u be (6699/15)/b - 16/20. Calculate the highest common factor of u and 189.
63
Let s be ((-5)/(-1 - -2))/((-8)/(-1040)). Let m = s + 677. What is the highest common divisor of m and 171?
9
Suppose n = g, -3*g = 4*n - 25 + 4. Let y be 241/n + 4/(-12). Suppose -11*x = -5*x - 96. What is the highest common factor of x and y?
16
Let q = 219 + -120. Let r be 116/30 + (-2)/(-15). Suppose x + 2*k - 13 = 0, r*k = 3*k + 1. Calculate the highest common divisor of q and x.
11
Let s = -667 + 558. Let p = -106 - s. What is the highest common divisor of 27 and p?
3
Let k be 7682/22 - ((-248)/88 + 3). Let z = k + -333. Calculate the greatest common divisor of 464 and z.
16
Suppose 86*l - 13 = 85*l. Let h = 6 + -4. Suppose -h*j = -6*j + 5*z + 349, j = -4*z + 103. What is the greatest common divisor of l and j?
13
Let v(q) = q**3 + 13*q**2 - 31*q - 11. Let l be v(-15). Let x be l/8*(1 - -71). What is the highest common factor of x and 60?
12
Suppose q + 50 = -2*w, -6*q = -q + 5*w + 275. Let x = q + 56. Let i be 12/48 - 15/x. Calculate the greatest common divisor of 4 and i.
4
Let c = 39637 + -39547. What is the greatest common divisor of c and 320?
10
Suppose 5*j + 47 = 2. Let v = j + 34. Suppose 2*i - 4*s - 15 = 1, v = 2*i + 5*s. Calculate the highest common factor of 10 and i.
10
Let b(y) = 2*y**2 + 3*y - 21. Suppose -c - q - 7 = -0*q, -c = -3*q + 3. Let v be b(c). Suppose 176 = -2*i + 6*i. Calculate the highest common factor of i and v.
11
Suppose 3*t - 9 = -3. Let n be (3/t)/(-3)*-110. Let i(p) = p**3 - 37*p**2 + 12*p + 869. Let y be i(36). Calculate the greatest common factor of n and y.
5
Suppose 0*w + 720 = 24*w. What is the greatest common factor of 24 and w?
6
Let d(r) = 3*r - 53. Let p be d(5). Let o(b) = 3*b + 155. Let q be o(p). What is the greatest common factor of q and 1?
1
Suppose 16 = -4*r, -2*r - 19 = -3*f - 4*r. Suppose -34 - 2 = -9*d. Suppose 2*c + 3*o + 45 = d*c, -4*c = o - 111. What is the highest common divisor of f and c?
9
Let k(c) = 74*c**3 - 2*c**2 + c. Let y be k(1). Let i = -30 + y. Suppose 3*a - i = 62. Calculate the greatest common factor of 315 and a.
35
Let d(q) = -1764*q - 601. Let x be d(-4). Calculate the greatest common divisor of x and 5.
5
Let m = -37360 - -37607. What is the greatest common factor of 703 and m?
19
Let w(f) = 178*f**2 + 6*f + 26. Let n be w(-4). What is the highest common factor of n and 50?
50
Let q be (675/45)/(9/12). What is the highest common factor of 4660 and q?
20
Let o(l) = -l**3 + 7*l**2 + 33*l - 180. Let d be o(7). What is the greatest common divisor of 10557 and d?
51
Suppose 2*o + k - 30 = 0, 0*o - 5*k = -3*o + 58. Let c = 40409 - 40313. What is the greatest common factor of o and c?
16
Suppose 3 = 3*u - 9. Let c be -3 + (-1)/((-2)/46). Let y be ((-21)/(-3) + -1)/(6/c). Calculate the greatest common divisor of u and y.
4
Suppose 0 = 4*a - 8040 - 4864. Suppose a - 916 = 33*q. Calculate the highest common factor of 40 and q.
10
Suppose -40*k = -38*k + 4*o - 72, 5*k - 264 = 4*o. Let d be (-2)/(-8) - (-1726)/8. What is the greatest common factor of d and k?
24
Let q = -8 + 12. Suppose -968 - 372 = 4*i - 4*k, -5*k - 997 = 3*i. Let x = 402 + i. What is the highest common factor of q and x?
4
Let x be (-2)/((-30)/25)*3. Let h be (24/(-5))/((-2)/x). What is the highest common factor of 36 and h?
12
Let k(u) = -2*u**2 - 26*u + 16. Let r be k(-13). Suppose 32*d - 224 = r*d. Let c = 47 - 33. What is the highest common divisor of c and d?
14
Let g be (-6)/15 - ((-24)/10 + 2). Let b be (2 + 0)/(g - 2). Let x = b + 43. What is the greatest common divisor of 14 and x?
14
Suppose 22*m - 12 = 18*m - 0. Calculate the highest common divisor of 525 and m.
3
Suppose -1592 = -6*m + 3448. Suppose 12*s - 5*s = m. Calculate the greatest common divisor of 200 and s.
40
Let t be (8/(-14))/(6/(-21)). Let s be (-284)/(-8) - t/(-4). Let p = -2166 + 2214. Calculate the highest common factor of p and s.
12
Let u(s) = -33*s**3 + s**2 - 8*s - 4. Let t be u(-3). Suppose 208 = 12*y - t. What is the highest common factor of 141 and y?
47
Let m(a) = 7*a + 11*a - 8*a + a**2 - 3. Let c be m(-11). Let g = -17 - -49. Calculate the greatest common divisor of g and c.
8
Suppose 13*m + 51 - 282 = -2*p, 5*p - m - 477 = 0. What is the highest common divisor of p and 1056?
96
Let v = -71721 - -71971. Suppose 5*k = 3*k + 20. What is the highest common divisor of v and k?
10
Let d be (1/2)/((-2)/(-360)). Let l(b) = 941*b + 14245. Let t be l(-15). What is the highest common factor of d and t?
10
Suppose -4*m - 3 + 319 = -184. Calculate the highest common divisor of 15 and m.
5
Let k(y) = y**3 + 19*y**2 + 29*y + 16. Let t be k(-12). What is the greatest common factor of 208 and t?
52
Let t(f) = 2*f**2 - 25*f + 43. Let d be t(12). Suppose 0*p = 2*p - 248. What is the highest common factor of p and d?
31
Let p be (-4 - -4)*(-2)/(-4). Suppose -3*m + 504 - 75 = p. Calculate the highest common divisor of 13 and m.
13
Suppose 22 = 3*j - 5*j + s, -5*j = 4*s + 81. Let d be (0 - j) + (23 - 26). Calculate the greatest common divisor of d and 970.
10
Let u(m) = -m**3 - 2*m**2 + 20*m - 10. Let f be u(-9). What is the greatest common divisor of 338 and f?
13
Suppose 0 = q - 2*q + 195. Let o = 7686 - 7621. Calculate the greatest common divisor of o and q.
65
Let x be (105/28 - 4) + (-1026)/(-8). Calculate the highest common divisor of 2432 and x.
128
Suppose 312 = 3*x - 2*x. Let g(q) = -54*q + 996. Let t be g(18). Calculate the greatest common factor of t and x.
24
Let w = -13395 - -13441. Calculate the greatest common factor of w and 345.
23
Let a(o) = -o**3 - 4*o**2 - 6*o - 8. Let q be a(-4). Let w be 1 - 28/q - 45/(-12). Calculate the highest common divisor of w and 27.
3
Let j = 4 + -2. Suppose -2*n - i = 0, 0 = -4*n - 0*i + j*i - 16. Let r be (-1 + 2)*4*(-13)/n. Calculate the highest common factor of 13 and r.
13
Let g = -17927 - -17971. What is the highest common factor of 3641 and g?
11
Suppose -108*t + 106*t + 4127 = -3*a, 4*a + 4130 = 2*t. Calculate the highest common divisor of t and 781.
71
Suppose 11625 = 4*h + 3877. Suppose j = -5*f + 1202 + 3673, -3*j = 2*f - h. What is the highest common factor of 16 and f?
16
Let o = -4644 + 6361. What is the highest common factor of o and 17?
17
Suppose 716*a - 771*a + 180730 = 0. What is the highest common factor of a and 310?
62
Let s be 0/(-1) + (-52)/104*(-839 + 1). What is the highest common factor of s and 3?
1
Let x(c) = -c**2 - 5*c + 387. Let h be x(-18). Let n be 353 + (32/28)/((-2)/(-7)). Calculate the greatest common divisor of n and h.
51
Suppose -t = 16*a - 14*a - 157, -558 = -4*t + 2*a. Calculate the highest common divisor of t and 481.
13
Suppose 2469 - 2907 = -2*x. What is the highest common divisor of x and 9271?
73
Suppose 0 = -k, 7*x - 1410 = -3*x + 2*k. Calculate the greatest common divisor of 39 and x.
3
Suppose -75*i + 95362 = 26362. What is the greatest common factor of i and 1